 remainder when 2981 is divided by 507.
446
What is the remainder when 2105 is divided by 2031?
74
Calculate the remainder when 8024 is divided by 1285.
314
What is the remainder when 88612 is divided by 1057?
881
What is the remainder when 447017 is divided by 794?
789
What is the remainder when 33809 is divided by 345?
344
Calculate the remainder when 3430 is divided by 2.
0
What is the remainder when 32186 is divided by 407?
33
What is the remainder when 679913 is divided by 71?
17
What is the remainder when 1022230 is divided by 12?
10
Calculate the remainder when 520570 is divided by 282.
280
Calculate the remainder when 56758 is divided by 33.
31
What is the remainder when 338 is divided by 162?
14
What is the remainder when 14954 is divided by 230?
4
Calculate the remainder when 1081 is divided by 610.
471
What is the remainder when 71432 is divided by 34?
32
Calculate the remainder when 585 is divided by 51.
24
Calculate the remainder when 3103 is divided by 173.
162
Calculate the remainder when 406 is divided by 227.
179
What is the remainder when 5014 is divided by 279?
271
What is the remainder when 3756 is divided by 562?
384
What is the remainder when 17699 is divided by 885?
884
What is the remainder when 6117 is divided by 185?
12
What is the remainder when 10954 is divided by 5455?
44
Calculate the remainder when 13418 is divided by 13371.
47
Calculate the remainder when 30841 is divided by 32.
25
Calculate the remainder when 9727 is divided by 46.
21
What is the remainder when 31490 is divided by 2249?
4
Calculate the remainder when 12162 is divided by 3976.
234
Calculate the remainder when 10475 is divided by 310.
245
Calculate the remainder when 44544 is divided by 4948.
12
What is the remainder when 15055 is divided by 8?
7
What is the remainder when 208486 is divided by 84?
82
What is the remainder when 1365 is divided by 1198?
167
What is the remainder when 461213 is divided by 81?
80
What is the remainder when 25454 is divided by 127?
54
Calculate the remainder when 13634 is divided by 101.
100
Calculate the remainder when 90087 is divided by 143.
140
What is the remainder when 24446 is divided by 8144?
14
Calculate the remainder when 339752 is divided by 65.
62
Calculate the remainder when 207759 is divided by 103873.
13
Calculate the remainder when 17175 is divided by 5.
0
Calculate the remainder when 458243 is divided by 150.
143
Calculate the remainder when 6589 is divided by 6589.
0
Calculate the remainder when 228599 is divided by 120.
119
Calculate the remainder when 1943 is divided by 18.
17
What is the remainder when 4710 is divided by 677?
648
What is the remainder when 677498 is divided by 26?
16
Calculate the remainder when 4486 is divided by 1112.
38
Calculate the remainder when 32217 is divided by 152.
145
What is the remainder when 20328 is divided by 224?
168
Calculate the remainder when 933 is divided by 250.
183
Calculate the remainder when 358963 is divided by 772.
755
Calculate the remainder when 30583 is divided by 2177.
105
What is the remainder when 3810 is divided by 58?
40
What is the remainder when 685318 is divided by 228436?
10
Calculate the remainder when 2112 is divided by 162.
6
What is the remainder when 2871 is divided by 263?
241
Calculate the remainder when 528 is divided by 172.
12
What is the remainder when 44187 is divided by 10973?
295
Calculate the remainder when 69458 is divided by 20.
18
Calculate the remainder when 11099 is divided by 152.
3
What is the remainder when 3801 is divided by 20?
1
Calculate the remainder when 1870496 is divided by 29.
25
What is the remainder when 5052 is divided by 721?
5
Calculate the remainder when 26334 is divided by 6583.
2
What is the remainder when 33325 is divided by 153?
124
Calculate the remainder when 69739 is divided by 55.
54
Calculate the remainder when 13894 is divided by 50.
44
What is the remainder when 12164 is divided by 14?
12
Calculate the remainder when 35378 is divided by 11786.
20
Calculate the remainder when 24619 is divided by 6153.
7
What is the remainder when 1185 is divided by 2?
1
What is the remainder when 4074 is divided by 126?
42
What is the remainder when 3179 is divided by 397?
3
What is the remainder when 3614 is divided by 1139?
197
What is the remainder when 54890 is divided by 21?
17
What is the remainder when 2492 is divided by 51?
44
Calculate the remainder when 436 is divided by 85.
11
Calculate the remainder when 330863 is divided by 269.
262
What is the remainder when 191208 is divided by 147?
108
What is the remainder when 3823 is divided by 16?
15
Calculate the remainder when 29366 is divided by 369.
215
Calculate the remainder when 195057 is divided by 1090.
1037
Calculate the remainder when 628603 is divided by 305.
303
Calculate the remainder when 810632 is divided by 35.
32
Calculate the remainder when 9200018 is divided by 122.
120
Calculate the remainder when 20465 is divided by 3940.
765
What is the remainder when 28407 is divided by 61?
42
Calculate the remainder when 1929 is divided by 314.
45
Calculate the remainder when 513045 is divided by 170998.
51
What is the remainder when 66105 is divided by 12?
9
What is the remainder when 40960 is divided by 1137?
28
Calculate the remainder when 3301 is divided by 125.
51
Calculate the remainder when 150704 is divided by 8371.
26
What is the remainder when 68752 is divided by 120?
112
What is the remainder when 538033 is divided by 18?
13
Calculate the remainder when 81741 is divided by 929.
918
Calculate the remainder when 2527 is divided by 672.
511
What is the remainder when 279 is divided by 130?
19
Calculate the remainder when 1604 is divided by 954.
650
Calculate the remainder when 34184 is divided by 166.
154
Calculate the remainder when 1006 is divided by 998.
8
Calculate the remainder when 113515 is divided by 113510.
5
What is the remainder when 46699 is divided by 161?
9
What is the remainder when 9028 is divided by 173?
32
Calculate the remainder when 156567 is divided by 44.
15
Calculate the remainder when 1179833 is divided by 34.
33
Calculate the remainder when 222286 is divided by 68.
62
What is the remainder when 8297 is divided by 8288?
9
Calculate the remainder when 66688 is divided by 19.
17
What is the remainder when 170891 is divided by 15534?
17
What is the remainder when 7094 is divided by 473?
472
What is the remainder when 155215 is divided by 611?
21
What is the remainder when 37889 is divided by 191?
71
What is the remainder when 53655 is divided by 23?
19
Calculate the remainder when 19607 is divided by 131.
88
What is the remainder when 110052 is divided by 36680?
12
Calculate the remainder when 4619 is divided by 796.
639
Calculate the remainder when 149120 is divided by 898.
52
What is the remainder when 7437 is divided by 362?
197
What is the remainder when 16960 is divided by 1123?
115
What is the remainder when 940119 is divided by 509?
505
What is the remainder when 39795 is divided by 1725?
120
What is the remainder when 4691 is divided by 57?
17
What is the remainder when 37465 is divided by 93?
79
What is the remainder when 56635 is divided by 11?
7
Calculate the remainder when 20158 is divided by 650.
8
Calculate the remainder when 2397 is divided by 1060.
277
What is the remainder when 70519 is divided by 319?
20
Calculate the remainder when 22503 is divided by 2499.
12
Calculate the remainder when 95671 is divided by 804.
799
What is the remainder when 8925 is divided by 4458?
9
What is the remainder when 107052 is divided by 13?
10
What is the remainder when 3543 is divided by 407?
287
Calculate the remainder when 28344 is divided by 5609.
299
What is the remainder when 10848 is divided by 124?
60
Calculate the remainder when 24311 is divided by 179.
146
What is the remainder when 6466 is divided by 2154?
4
Calculate the remainder when 15772 is divided by 165.
97
What is the remainder when 1707 is divided by 19?
16
What is the remainder when 43502 is divided by 988?
30
What is the remainder when 40385 is divided by 18?
11
Calculate the remainder when 1691 is divided by 469.
284
Calculate the remainder when 12634 is divided by 2526.
4
What is the remainder when 17564 is divided by 35?
29
Calculate the rema